e o(50).
-1
Let t(u) = -2*u**3 + 35*u**2 - 138*u + 274. What is t(13)?
1
Let c(n) = -99*n + 5238. Give c(53).
-9
Let l(o) = -3*o**3 + 3*o**2 - 6*o + 14. What is l(3)?
-58
Let z(w) = 12*w**3 + 98*w**2 + 11*w - 7. Give z(-8).
33
Let j(d) = -d**2 - 57*d + 816. Calculate j(-59).
698
Let w(x) = 966*x - 8748. Determine w(9).
-54
Let t(u) = -2*u**2 + 55*u - 32. Give t(27).
-5
Let p(d) = -5*d**2 - 137*d - 57. Give p(-27).
-3
Let n(m) = 23*m**2 - 2*m + 1. What is n(1)?
22
Let y(r) = 12*r + 1524. Determine y(-125).
24
Let x(r) = 300*r - 9904. What is x(33)?
-4
Let j(r) = 20*r**2 + 44*r - 86. Calculate j(-3).
-38
Let v(h) = 71*h - 337. Calculate v(12).
515
Let q(o) = -16*o**3 + 288*o**2 - 18*o + 308. Give q(18).
-16
Let f(w) = -786*w - 794. Calculate f(-1).
-8
Let t(q) = 29*q**3 + 2*q**2 - 4*q - 4. Give t(-2).
-220
Let l(f) = 107*f - 2. Give l(1).
105
Let d(q) = -9*q + 198. Determine d(23).
-9
Let k(u) = -8*u**3 + 3*u**2 - 66*u + 130. What is k(2)?
-54
Let v(r) = -17*r**2 + 64*r - 35. Determine v(3).
4
Let l(p) = p**3 + 4*p**2 - 3*p - 9. Give l(4).
107
Let o(r) = 2*r**2 + 19*r - 21. Calculate o(-10).
-11
Let i(x) = -11*x + 24. Determine i(0).
24
Let i(p) = -55*p + 2563. What is i(47)?
-22
Let t(l) = -6*l**3 - 5*l**2 + 16*l - 26. Give t(6).
-1406
Let x(d) = -349*d - 3593. Determine x(-10).
-103
Let c(p) = -4*p**3 + 63*p**2 + 4*p - 11. Calculate c(16).
-203
Let s(h) = 301*h - 2711. Determine s(9).
-2
Let v(o) = o**3 + 24*o**2 + 29*o - 302. What is v(-22)?
28
Let m(v) = v**3 + 5*v**2 - 8*v - 10. Calculate m(-6).
2
Let w(x) = -39*x - 634. What is w(-17)?
29
Let d(w) = -69*w**2 - 8*w. What is d(-2)?
-260
Let v(p) = 2*p**3 - 50*p**2 - 38*p - 357. Give v(26).
7
Let c(g) = -2*g**3 - 182*g**2 - 179*g + 67. Calculate c(-90).
-23
Let u(r) = 15*r**2 + 176*r - 68. Calculate u(-12).
-20
Let h(m) = 2*m**2 + 16. Calculate h(-5).
66
Let i(c) = -18*c**2 - 189*c + 191. Determine i(1).
-16
Let g(v) = v**3 - 5*v**2 - 18*v - 13. Calculate g(8).
35
Let a(j) = -j**3 + 12*j**2 - 27*j - 42. Determine a(6).
12
Let v(w) = -5*w**2 + 65*w - 39. Determine v(12).
21
Let s(q) = 2*q**2 - 25797*q + 128943. Calculate s(5).
8
Let c(q) = 31*q - 932. Give c(30).
-2
Let v(x) = -39*x - 342. Give v(-15).
243
Let q(a) = -2*a**2 + 28*a - 87. What is q(6)?
9
Let f(w) = -2*w**3 - 40*w**2 + 29*w + 613. What is f(-20)?
33
Let v(k) = -1005*k + 2013. Determine v(2).
3
Let d(w) = w**3 + 83*w**2 - 77*w + 520. Give d(-84).
-68
Let k(d) = -25*d**2 + 7*d + 10. Give k(-2).
-104
Let d(u) = 11*u - 113. Calculate d(8).
-25
Let b(f) = -9*f + 6. What is b(3)?
-21
Let l(j) = -j**3 - 15*j**2 + 42*j + 22. Determine l(3).
-14
Let w(s) = -6899*s - 34499. Determine w(-5).
-4
Let x(b) = -b**3 + 18*b**2 - 39*b + 229. What is x(17)?
-145
Let u(q) = q**2 - 27*q + 12. Determine u(19).
-140
Let n(z) = 896*z + 822. What is n(-1)?
-74
Let i(n) = n**2 + 32*n + 140. Calculate i(-28).
28
Let r(x) = 59*x + 307. Determine r(-10).
-283
Let k(b) = 26*b**2 - 2605*b + 507. Give k(100).
7
Let i(r) = 25*r**3 - 2*r**2 + 12*r + 13. Calculate i(-1).
-26
Let q(b) = -2*b**3 + 42*b**2 + 91*b + 68. Determine q(23).
45
Let r(x) = x**3 - 53*x**2 - 230*x + 26. Calculate r(57).
-88
Let k(m) = -110*m**2 + 802*m - 22. Determine k(7).
202
Let x(h) = h**3 + 68*h**2 + 1139*h - 60. Calculate x(-30).
-30
Let q(g) = 17*g - 109. Calculate q(-2).
-143
Let a(c) = 2*c**3 + 4*c**2 - 39*c - 10. Give a(4).
26
Let z(v) = 5*v**2 - 820*v - 11. Determine z(164).
-11
Let a(q) = 90*q + 127. Calculate a(9).
937
Let c(m) = 948*m + 327065. Calculate c(-345).
5
Let t(j) = -475*j - 3755. Determine t(-8).
45
Let o(k) = 813*k + 2520. Determine o(-3).
81
Let o(r) = -r**3 + 9*r**2 + 33*r - 29. What is o(13)?
-276
Let q(x) = -11*x**2 - 255*x - 39. Give q(-23).
7
Let g(c) = 2*c**2 - 230*c + 4526. Give g(89).
-102
Let d(r) = -2*r**2 - 253*r - 128. Determine d(-126).
-2
Let w(i) = i**2 + 23*i - 115. Calculate w(4).
-7
Let c(h) = -26*h - 137. Determine c(-11).
149
Let s(z) = -z**3 - 18*z**2 + 22*z + 59. Calculate s(-19).
2
Let x(j) = -5*j**2 - 45*j - 92. Give x(-2).
-22
Let o(w) = -2*w**2 + 345*w + 9865. Give o(-25).
-10
Let x(l) = -2*l**3 - 3*l**2 - 29*l - 121. Calculate x(-3).
-7
Let h(l) = l**2 - 119*l - 7166. Give h(163).
6
Let m(g) = -7*g**2 - 300*g - 101. What is m(-43)?
-144
Let y(a) = -3*a**2 + 33*a + 110. Determine y(16).
-130
Let k(a) = a**3 - 39*a**2 - 6*a + 163. Determine k(39).
-71
Let h(n) = -n**3 - 36*n**2 + 520*n + 149. Calculate h(-47).
8
Let r(s) = s**3 - 15*s**2 + 21*s + 32. Calculate r(10).
-258
Let k(a) = 9*a**2 - 174*a + 4. Determine k(19).
-53
Let u(t) = 2*t**3 - 2*t**2 - 13*t + 1. What is u(4)?
45
Let k(i) = i**3 + i**2 - 4*i + 20. Give k(-4).
-12
Let v(k) = 109*k + 10149. Calculate v(-93).
12
Let b(u) = -68*u + 2394. Calculate b(35).
14
Let q(z) = -56*z + 1067. Determine q(19).
3
Let v(t) = -1501*t - 19504. What is v(-13)?
9
Let o(r) = 1580*r - 18962. Determine o(12).
-2
Let x(b) = b**3 - 9*b**2 + b + 29. Calculate x(11).
282
Let s(z) = 98*z + 24297. Give s(-248).
-7
Let r(x) = 5*x**2 - 35*x + 3. Determine r(7).
3
Let c(b) = b**3 - 26*b**2 - 146*b + 4660. Determine c(24).
4
Let a(h) = -h + 16. Calculate a(19).
-3
Let d(j) = -144*j + 861. What is d(7)?
-147
Let i(z) = 54*z**2 + 641*z - 87. Calculate i(-12).
-3
Let f(t) = -5*t**2 + 37*t + 30. Give f(8).
6
Let u(l) = l**2 - l - 23. What is u(0)?
-23
Let u(s) = -2*s**3 + 13*s**2 + 38*s - 10. What is u(11)?
-681
Let c(z) = z**2 + 17*z - 163. What is c(7)?
5
Let q(g) = g**3 + 40*g**2 - 15*g - 617. Give q(-40).
-17
Let c(l) = -4*l**3 - 46*l**2 - 59*l + 4. What is c(-10)?
-6
Let g(j) = -12*j + 496. Calculate g(41).
4
Let m(s) = -s**3 - 18*s**2 - 42*s + 48. Determine m(-17).
473
Let u(f) = -f**3 - 67*f**2 - 315*f - 117. What is u(-62)?
193
Let p(a) = -204*a + 607. Calculate p(3).
-5
Let t(h) = -25*h + 161. Give t(-6).
311
Let l(z) = -128*z - 3065. Give l(-24).
7
Let z(v) = v**2 + 2969*v + 11886. What is z(-4)?
26
Let s(u) = -u**2 - u + 1218. Give s(-35).
28
Let f(w) = 883*w - 9741. Calculate f(11).
-28
Let w(n) = -n**3 - 25*n**2 + 10*n - 415. Determine w(-26).
1
Let g(t) = 548*t + 456. Determine g(-3).
-1188
Let l(b) = 320*b + 2550. Determine l(-8).
-10
Let p(x) = x**3 + 3*x**2 - 7*x + 3. Give p(-5).
-12
Let c(w) = w**3 + 47*w**2 - 8*w - 388. Give c(-47).
-12
Let j(x) = -235*x + 2362. What is j(10)?
12
Let d(f) = 451*f + 14440. Calculate d(-32).
8
Let y(x) = x**2 - 973*x + 2919. Give y(3).
9
Let q(i) = i**3 - 124*i**2 + 921*i + 813. Calculate q(116).
1
Let j(p) = -p**2 - 462*p - 1. What is j(0)?
-1
Let m(r) = -r**3 - 21*r**2 + 28*r + 98. Calculate m(-22).
-34
Let l(f) = 2*f**3 + f**2 + 4*f - 202. Give l(0).
-202
Let c(v) = -407*v + 85880. What is c(211)?
3
Let o(j) = -314*j - 13537. Determine o(-43).
-35
Let w(f) = -f**3 - 8*f**2 + 152*f - 25. Determine w(-17).
-8
Let r(c) = -45*c + 844. Calculate r(19).
-11
Let g(j) = 275*j**2 - 4125*j. Give g(15).
0
Let v(m) = -28*m + 1266. Calculate v(42).
90
Let b(j) = -339*j + 24077. Give b(71).
8
Let x(v) = -43*v + 6533. Determine x(152).
-3
Let v(u) = -1668*u + 9999. Determine v(6).
-9
Let q(m) = -m**2 - 46*m - 413. What is q(-21)?
112
Let y(z) = -z**2 - 796*z + 7248. What is y(9)?
3
Let b(j) = 6*j**3 - j**2 - 3*j + 35. What is b(0)?
35
Let c(n) = n**2 + 73*n + 125. Determine c(-71).
-17
Let i(w) = w**3 + 64*w**2 + 72*w + 580. Determine i(-63).
13
Let a(f) = f**2 + 84*f + 1079. Determine a(-68).
-9
Let d(l) = -l**3 + 56*l**2 - 589*l - 13. Determine d(42).
-55
Let i(o) = -o**3 - 21*o**2 - 35*o + 36. What is i(-15)?
-789
Let g(t) = t**3 + 13*t**2 + 23*t + 2. Determine g(-11).
-9
Let o(l) = -6*l**2 + 45*l - 50. Determine o(6).
4
Let s(n) = -n**3 + 5*n**2 + 37*n + 27. Calculate s(9).
36
Let d(w) = 9*w - 14. Calculate d(-16).
-158
Let k(m) = -4*m**3 + 9*m**2 + 20*m - 47. Calculate k(3).
-14
Let k(m) = -2*m**2 + 12*m - 78. Determine k(5).
-68
Let w(p) = 3*p**2 + 6*p - 287. Calculate w(-12).
73
Let l(v) = 306*v - 1336. Give l(5).
194
Let f(p) = -p**3 + 21*p**2 - 7*p + 26. Give f(21).
-121
Let s(a) = -524*a + 14694. Give s(28).
22
Let u(c) = -5*c**2 + 699*c - 552. Give u(139).
4
Let b(g) = 10*g**2 - 149*g + 21. Give b(15).
36
Let c(d) = -d**3 + 41*d**2 + 24*d + 794. Determine c(42).
38
Let w(p) = -p**3 + 29*p**2 - 52*p - 53. Give w(27).
1
Let k(m) = -m**2 + 6*m - 26. Determine k(3